{"id":190,"date":"2025-10-28T11:17:19","date_gmt":"2025-10-28T11:17:19","guid":{"rendered":"https:\/\/byresta.com\/?page_id=190"},"modified":"2026-02-25T15:24:29","modified_gmt":"2026-02-25T15:24:29","slug":"mentions-legales","status":"publish","type":"page","link":"https:\/\/byresta.com\/index.php\/mentions-legales\/","title":{"rendered":"MENTIONS L\u00c9GALES"},"content":{"rendered":"\t\t<div data-elementor-type=\"wp-page\" data-elementor-id=\"190\" class=\"elementor elementor-190\">\n\t\t\t\t<div class=\"elementor-element elementor-element-e99338e e-flex e-con-boxed e-con e-parent\" data-id=\"e99338e\" data-element_type=\"container\" data-e-type=\"container\">\n\t\t\t\t\t<div class=\"e-con-inner\">\n\t\t\t\t<div class=\"elementor-element elementor-element-4d51263 elementor-widget elementor-widget-text-editor\" data-id=\"4d51263\" data-element_type=\"widget\" data-e-type=\"widget\" data-widget_type=\"text-editor.default\">\n\t\t\t\t\t\t\t\t\t<p data-start=\"312\" data-end=\"955\">\u00a0<\/p><p data-start=\"312\" data-end=\"955\"><strong data-start=\"312\" data-end=\"329\">Nom du site :<\/strong> Le Byresta<br data-start=\"340\" data-end=\"343\" \/><strong data-start=\"343\" data-end=\"360\">URL du site :https:\/\/byresta.com<\/strong><br data-start=\"416\" data-end=\"419\" \/><strong data-start=\"419\" data-end=\"445\">Propri\u00e9taire du site :<\/strong> Le Byresta<br data-start=\"456\" data-end=\"459\" \/><strong data-start=\"459\" data-end=\"480\">Forme juridique :<\/strong> Soci\u00e9t\u00e9 \u00e0 responsabilit\u00e9 limit\u00e9e (SARL)<\/p><p data-start=\"312\" data-end=\"955\"><strong data-start=\"535\" data-end=\"555\">Capital social :<\/strong> 167500,00<\/p><p data-start=\"312\" data-end=\"955\"><strong data-start=\"574\" data-end=\"592\">Si\u00e8ge social :<\/strong> 1 Rue Francois Neveux, 47550 Bo\u00e9<br data-start=\"631\" data-end=\"634\" \/><strong data-start=\"634\" data-end=\"649\">T\u00e9l\u00e9phone :<\/strong> <span aria-label=\"Appeler le 05 53 47 61 98\">05 <\/span><span aria-label=\"Appeler le 05 53 47 61 98\">53 47 61 98<\/span><br data-start=\"663\" data-end=\"666\" \/><strong data-start=\"666\" data-end=\"677\">Email :<\/strong> <em data-start=\"678\" data-end=\"700\"><a class=\"decorated-link cursor-pointer\" rel=\"noopener\" data-start=\"679\" data-end=\"699\">contact@byresta.fr<\/a><\/em><br data-start=\"700\" data-end=\"703\" \/><strong data-start=\"703\" data-end=\"721\">Num\u00e9ro SIRET :<\/strong> 824 111 827 00021<br data-start=\"735\" data-end=\"738\" \/><strong data-start=\"738\" data-end=\"773\">Num\u00e9ro TVA intracommunautaire :<\/strong> FR75824111827<\/p><p data-start=\"312\" data-end=\"955\"><b>Responsable de publication : <\/b>M. Micha\u00ebl Marcadet<\/p><h4 data-start=\"962\" data-end=\"984\"><strong data-start=\"969\" data-end=\"984\">H\u00e9bergement<\/strong><\/h4><p data-start=\"985\" data-end=\"1179\">Le site <strong data-start=\"993\" data-end=\"1013\"><a class=\"decorated-link cursor-pointer\" target=\"_new\" rel=\"noopener\" data-start=\"995\" data-end=\"1011\">www.byresta.fr<\/a><\/strong> est h\u00e9berg\u00e9 par : Viaduc<\/p><p data-start=\"985\" data-end=\"1179\">Adresse : 21 PLACE DE L HOTEL DE VILLE &#8211; 49290 CHALONNES SUR LOIRE<\/p><p data-start=\"985\" data-end=\"1179\">Site web : <a href=\"https:\/\/www.viaduc.fr\/\"><em data-start=\"1152\" data-end=\"1177\">https:\/\/viaduc.fr<\/em><\/a><\/p><h4 data-start=\"1186\" data-end=\"1221\"><strong data-start=\"1193\" data-end=\"1221\">Propri\u00e9t\u00e9 intellectuelle<\/strong><\/h4><p data-start=\"1222\" data-end=\"1596\">L\u2019ensemble du contenu pr\u00e9sent sur ce site (textes, photos, logos, vid\u00e9os, graphismes, charte graphique, structure et tout autre \u00e9l\u00e9ment) est la propri\u00e9t\u00e9 exclusive du <strong data-start=\"1389\" data-end=\"1400\">Byresta<\/strong>, sauf mention contraire.<br data-start=\"1425\" data-end=\"1428\" \/>Toute reproduction, repr\u00e9sentation, modification, publication, adaptation, totale ou partielle des \u00e9l\u00e9ments du site, est interdite sans autorisation \u00e9crite pr\u00e9alable.<\/p><h4 data-start=\"1603\" data-end=\"1650\"><strong data-start=\"1611\" data-end=\"1650\">Protection des donn\u00e9es personnelles<\/strong><\/h4><p data-start=\"1651\" data-end=\"1912\">Conform\u00e9ment au <strong data-start=\"1667\" data-end=\"1725\">R\u00e8glement G\u00e9n\u00e9ral sur la Protection des Donn\u00e9es (RGPD)<\/strong> et \u00e0 la <strong data-start=\"1734\" data-end=\"1766\">loi Informatique et Libert\u00e9s<\/strong>, <strong data-start=\"1768\" data-end=\"1782\">Le Byresta<\/strong> s\u2019engage \u00e0 ce que la collecte et le traitement de vos donn\u00e9es personnelles soient effectu\u00e9s de mani\u00e8re transparente et s\u00e9curis\u00e9e.<\/p><p data-start=\"1914\" data-end=\"2122\">Les donn\u00e9es collect\u00e9es (nom, pr\u00e9nom, email, t\u00e9l\u00e9phone, message, etc.) via le formulaire de contact ou lors d\u2019une r\u00e9servation sont utilis\u00e9es uniquement pour r\u00e9pondre \u00e0 vos demandes ou g\u00e9rer vos r\u00e9servations.<\/p><p data-start=\"2124\" data-end=\"2181\">Elles ne sont <strong data-start=\"2138\" data-end=\"2166\">jamais c\u00e9d\u00e9es ou vendues<\/strong> \u00e0 des tiers.<\/p><p data-start=\"2183\" data-end=\"2428\">Vous disposez d\u2019un <strong data-start=\"2202\" data-end=\"2269\">droit d\u2019acc\u00e8s, de rectification, d\u2019opposition et de suppression<\/strong> de vos donn\u00e9es.<br data-start=\"2285\" data-end=\"2288\" \/>Pour l\u2019exercer, adressez votre demande \u00e0 : <strong data-start=\"2336\" data-end=\"2360\"><a class=\"decorated-link cursor-pointer\" rel=\"noopener\" data-start=\"2338\" data-end=\"2358\">contact@byresta.fr<\/a><\/strong><\/p><h4 data-start=\"2435\" data-end=\"2466\"><strong data-start=\"2442\" data-end=\"2466\">Politique de cookies<\/strong><\/h4><p data-start=\"2468\" data-end=\"2592\">Lors de votre navigation sur le site byresta.com, des cookies peuvent \u00eatre d\u00e9pos\u00e9s sur votre navigateur afin de :<\/p><ul data-start=\"2593\" data-end=\"2744\"><li data-start=\"2593\" data-end=\"2624\"><p data-start=\"2595\" data-end=\"2624\">faciliter votre navigation,<\/p><\/li><li data-start=\"2625\" data-end=\"2700\"><p data-start=\"2627\" data-end=\"2700\">mesurer l\u2019audience du site (via Google Analytics ou outils similaires),<\/p><\/li><li data-start=\"2701\" data-end=\"2744\"><p data-start=\"2703\" data-end=\"2744\">am\u00e9liorer votre exp\u00e9rience utilisateur.<\/p><\/li><\/ul><h4 data-start=\"2746\" data-end=\"2778\">Types de cookies utilis\u00e9s :<\/h4><ul data-start=\"2779\" data-end=\"3030\"><li data-start=\"2779\" data-end=\"2850\"><p data-start=\"2781\" data-end=\"2850\"><strong data-start=\"2781\" data-end=\"2805\">Cookies techniques :<\/strong> n\u00e9cessaires au bon fonctionnement du site.<\/p><\/li><li data-start=\"2851\" data-end=\"2938\"><p data-start=\"2853\" data-end=\"2938\"><strong data-start=\"2853\" data-end=\"2879\">Cookies statistiques :<\/strong> pour analyser la fr\u00e9quentation et l\u2019utilisation du site.<\/p><\/li><li data-start=\"2939\" data-end=\"3030\"><p data-start=\"2941\" data-end=\"3030\"><strong data-start=\"2941\" data-end=\"2973\">Cookies de r\u00e9seaux sociaux :<\/strong> pour partager du contenu sur Facebook, Instagram, etc.<\/p><\/li><\/ul><h4 data-start=\"3032\" data-end=\"3058\">Gestion des cookies :<\/h4><p data-start=\"3059\" data-end=\"3311\">Lors de votre premi\u00e8re visite, une banni\u00e8re vous informe de l\u2019utilisation des cookies.<br data-start=\"3145\" data-end=\"3148\" \/>Vous pouvez \u00e0 tout moment accepter, refuser ou param\u00e9trer les cookies en cliquant sur le lien <strong data-start=\"3242\" data-end=\"3267\">\u00ab G\u00e9rer mes cookies \u00bb<\/strong> ou dans les param\u00e8tres de votre navigateur.<\/p><h4 data-start=\"3318\" data-end=\"3343\"><strong data-start=\"3325\" data-end=\"3343\">Responsabilit\u00e9<\/strong><\/h4><p data-start=\"3344\" data-end=\"3632\">Le Byresta s\u2019efforce d\u2019assurer l\u2019exactitude et la mise \u00e0 jour des informations diffus\u00e9es sur le site, mais ne peut \u00eatre tenu responsable d\u2019erreurs, d\u2019omissions ou d\u2019une indisponibilit\u00e9 du service.<br data-start=\"3540\" data-end=\"3543\" \/>Le Byresta se r\u00e9serve le droit de modifier le contenu du site \u00e0 tout moment sans pr\u00e9avis.<\/p><p data-start=\"3344\" data-end=\"3632\">\u00a0<\/p>\t\t\t\t\t\t\t\t<\/div>\n\t\t\t\t\t<\/div>\n\t\t\t\t<\/div>\n\t\t\t\t<\/div>\n\t\t","protected":false},"excerpt":{"rendered":"<p>\u00a0 Nom du site : Le ByrestaURL du site :https:\/\/byresta.comPropri\u00e9taire du site : Le ByrestaForme juridique : Soci\u00e9t\u00e9 \u00e0 responsabilit\u00e9 limit\u00e9e (SARL) Capital social : 167500,00 Si\u00e8ge social : 1 Rue Francois Neveux, 47550 Bo\u00e9T\u00e9l\u00e9phone : 05 53 47 61 98Email : contact@byresta.frNum\u00e9ro SIRET : 824 111 827 00021Num\u00e9ro TVA intracommunautaire : FR75824111827 Responsable de [&hellip;]<\/p>\n","protected":false},"author":1,"featured_media":0,"parent":0,"menu_order":0,"comment_status":"closed","ping_status":"closed","template":"","meta":{"footnotes":""},"class_list":["post-190","page","type-page","status-publish","hentry"],"yoast_head":"<!-- This site is optimized with the Yoast SEO plugin v27.0 - https:\/\/yoast.com\/product\/yoast-seo-wordpress\/ -->\n<title>MENTIONS L\u00c9GALES - BYRESTA<\/title>\n<meta name=\"robots\" content=\"index, follow, max-snippet:-1, max-image-preview:large, max-video-preview:-1\" \/>\n<link rel=\"canonical\" href=\"https:\/\/byresta.com\/index.php\/mentions-legales\/\" \/>\n<meta property=\"og:locale\" content=\"fr_FR\" \/>\n<meta property=\"og:type\" content=\"article\" \/>\n<meta property=\"og:title\" content=\"MENTIONS L\u00c9GALES - BYRESTA\" \/>\n<meta property=\"og:description\" content=\"\u00a0 Nom du site : Le ByrestaURL du site :https:\/\/byresta.comPropri\u00e9taire du site : Le ByrestaForme juridique : Soci\u00e9t\u00e9 \u00e0 responsabilit\u00e9 limit\u00e9e (SARL) Capital social : 167500,00 Si\u00e8ge social : 1 Rue Francois Neveux, 47550 Bo\u00e9T\u00e9l\u00e9phone : 05 53 47 61 98Email : contact@byresta.frNum\u00e9ro SIRET : 824 111 827 00021Num\u00e9ro TVA intracommunautaire : FR75824111827 Responsable de [&hellip;]\" \/>\n<meta property=\"og:url\" content=\"https:\/\/byresta.com\/index.php\/mentions-legales\/\" \/>\n<meta property=\"og:site_name\" content=\"BYRESTA\" \/>\n<meta property=\"article:publisher\" content=\"https:\/\/www.facebook.com\/byresta\" \/>\n<meta property=\"article:modified_time\" content=\"2026-02-25T15:24:29+00:00\" \/>\n<meta name=\"twitter:card\" content=\"summary_large_image\" \/>\n<meta name=\"twitter:label1\" content=\"Dur\u00e9e de lecture estim\u00e9e\" \/>\n\t<meta name=\"twitter:data1\" content=\"3 minutes\" \/>\n<script type=\"application\/ld+json\" class=\"yoast-schema-graph\">{\"@context\":\"https:\/\/schema.org\",\"@graph\":[{\"@type\":\"WebPage\",\"@id\":\"https:\/\/byresta.com\/index.php\/mentions-legales\/\",\"url\":\"https:\/\/byresta.com\/index.php\/mentions-legales\/\",\"name\":\"MENTIONS L\u00c9GALES - BYRESTA\",\"isPartOf\":{\"@id\":\"https:\/\/byresta.com\/#website\"},\"datePublished\":\"2025-10-28T11:17:19+00:00\",\"dateModified\":\"2026-02-25T15:24:29+00:00\",\"breadcrumb\":{\"@id\":\"https:\/\/byresta.com\/index.php\/mentions-legales\/#breadcrumb\"},\"inLanguage\":\"fr-FR\",\"potentialAction\":[{\"@type\":\"ReadAction\",\"target\":[\"https:\/\/byresta.com\/index.php\/mentions-legales\/\"]}]},{\"@type\":\"BreadcrumbList\",\"@id\":\"https:\/\/byresta.com\/index.php\/mentions-legales\/#breadcrumb\",\"itemListElement\":[{\"@type\":\"ListItem\",\"position\":1,\"name\":\"Accueil\",\"item\":\"https:\/\/byresta.com\/\"},{\"@type\":\"ListItem\",\"position\":2,\"name\":\"MENTIONS L\u00c9GALES\"}]},{\"@type\":\"WebSite\",\"@id\":\"https:\/\/byresta.com\/#website\",\"url\":\"https:\/\/byresta.com\/\",\"name\":\"BYRESTA\",\"description\":\"\",\"publisher\":{\"@id\":\"https:\/\/byresta.com\/#organization\"},\"potentialAction\":[{\"@type\":\"SearchAction\",\"target\":{\"@type\":\"EntryPoint\",\"urlTemplate\":\"https:\/\/byresta.com\/?s={search_term_string}\"},\"query-input\":{\"@type\":\"PropertyValueSpecification\",\"valueRequired\":true,\"valueName\":\"search_term_string\"}}],\"inLanguage\":\"fr-FR\"},{\"@type\":\"Organization\",\"@id\":\"https:\/\/byresta.com\/#organization\",\"name\":\"BYRESTA\",\"url\":\"https:\/\/byresta.com\/\",\"logo\":{\"@type\":\"ImageObject\",\"inLanguage\":\"fr-FR\",\"@id\":\"https:\/\/byresta.com\/#\/schema\/logo\/image\/\",\"url\":\"https:\/\/byresta.com\/wp-content\/uploads\/2025\/10\/LOGO_BYRESTA_rouge-removebg-preview.png\",\"contentUrl\":\"https:\/\/byresta.com\/wp-content\/uploads\/2025\/10\/LOGO_BYRESTA_rouge-removebg-preview.png\",\"width\":563,\"height\":443,\"caption\":\"BYRESTA\"},\"image\":{\"@id\":\"https:\/\/byresta.com\/#\/schema\/logo\/image\/\"},\"sameAs\":[\"https:\/\/www.facebook.com\/byresta\"]}]}<\/script>\n<!-- \/ Yoast SEO plugin. -->","yoast_head_json":{"title":"MENTIONS L\u00c9GALES - BYRESTA","robots":{"index":"index","follow":"follow","max-snippet":"max-snippet:-1","max-image-preview":"max-image-preview:large","max-video-preview":"max-video-preview:-1"},"canonical":"https:\/\/byresta.com\/index.php\/mentions-legales\/","og_locale":"fr_FR","og_type":"article","og_title":"MENTIONS L\u00c9GALES - BYRESTA","og_description":"\u00a0 Nom du site : Le ByrestaURL du site :https:\/\/byresta.comPropri\u00e9taire du site : Le ByrestaForme juridique : Soci\u00e9t\u00e9 \u00e0 responsabilit\u00e9 limit\u00e9e (SARL) Capital social : 167500,00 Si\u00e8ge social : 1 Rue Francois Neveux, 47550 Bo\u00e9T\u00e9l\u00e9phone : 05 53 47 61 98Email : contact@byresta.frNum\u00e9ro SIRET : 824 111 827 00021Num\u00e9ro TVA intracommunautaire : FR75824111827 Responsable de [&hellip;]","og_url":"https:\/\/byresta.com\/index.php\/mentions-legales\/","og_site_name":"BYRESTA","article_publisher":"https:\/\/www.facebook.com\/byresta","article_modified_time":"2026-02-25T15:24:29+00:00","twitter_card":"summary_large_image","twitter_misc":{"Dur\u00e9e de lecture estim\u00e9e":"3 minutes"},"schema":{"@context":"https:\/\/schema.org","@graph":[{"@type":"WebPage","@id":"https:\/\/byresta.com\/index.php\/mentions-legales\/","url":"https:\/\/byresta.com\/index.php\/mentions-legales\/","name":"MENTIONS L\u00c9GALES - BYRESTA","isPartOf":{"@id":"https:\/\/byresta.com\/#website"},"datePublished":"2025-10-28T11:17:19+00:00","dateModified":"2026-02-25T15:24:29+00:00","breadcrumb":{"@id":"https:\/\/byresta.com\/index.php\/mentions-legales\/#breadcrumb"},"inLanguage":"fr-FR","potentialAction":[{"@type":"ReadAction","target":["https:\/\/byresta.com\/index.php\/mentions-legales\/"]}]},{"@type":"BreadcrumbList","@id":"https:\/\/byresta.com\/index.php\/mentions-legales\/#breadcrumb","itemListElement":[{"@type":"ListItem","position":1,"name":"Accueil","item":"https:\/\/byresta.com\/"},{"@type":"ListItem","position":2,"name":"MENTIONS L\u00c9GALES"}]},{"@type":"WebSite","@id":"https:\/\/byresta.com\/#website","url":"https:\/\/byresta.com\/","name":"BYRESTA","description":"","publisher":{"@id":"https:\/\/byresta.com\/#organization"},"potentialAction":[{"@type":"SearchAction","target":{"@type":"EntryPoint","urlTemplate":"https:\/\/byresta.com\/?s={search_term_string}"},"query-input":{"@type":"PropertyValueSpecification","valueRequired":true,"valueName":"search_term_string"}}],"inLanguage":"fr-FR"},{"@type":"Organization","@id":"https:\/\/byresta.com\/#organization","name":"BYRESTA","url":"https:\/\/byresta.com\/","logo":{"@type":"ImageObject","inLanguage":"fr-FR","@id":"https:\/\/byresta.com\/#\/schema\/logo\/image\/","url":"https:\/\/byresta.com\/wp-content\/uploads\/2025\/10\/LOGO_BYRESTA_rouge-removebg-preview.png","contentUrl":"https:\/\/byresta.com\/wp-content\/uploads\/2025\/10\/LOGO_BYRESTA_rouge-removebg-preview.png","width":563,"height":443,"caption":"BYRESTA"},"image":{"@id":"https:\/\/byresta.com\/#\/schema\/logo\/image\/"},"sameAs":["https:\/\/www.facebook.com\/byresta"]}]}},"_links":{"self":[{"href":"https:\/\/byresta.com\/index.php\/wp-json\/wp\/v2\/pages\/190","targetHints":{"allow":["GET"]}}],"collection":[{"href":"https:\/\/byresta.com\/index.php\/wp-json\/wp\/v2\/pages"}],"about":[{"href":"https:\/\/byresta.com\/index.php\/wp-json\/wp\/v2\/types\/page"}],"author":[{"embeddable":true,"href":"https:\/\/byresta.com\/index.php\/wp-json\/wp\/v2\/users\/1"}],"replies":[{"embeddable":true,"href":"https:\/\/byresta.com\/index.php\/wp-json\/wp\/v2\/comments?post=190"}],"version-history":[{"count":28,"href":"https:\/\/byresta.com\/index.php\/wp-json\/wp\/v2\/pages\/190\/revisions"}],"predecessor-version":[{"id":1643,"href":"https:\/\/byresta.com\/index.php\/wp-json\/wp\/v2\/pages\/190\/revisions\/1643"}],"wp:attachment":[{"href":"https:\/\/byresta.com\/index.php\/wp-json\/wp\/v2\/media?parent=190"}],"curies":[{"name":"wp","href":"https:\/\/api.w.org\/{rel}","templated":true}]}}