{"id":370,"date":"2025-10-31T15:40:45","date_gmt":"2025-10-31T15:40:45","guid":{"rendered":"https:\/\/byresta.com\/?page_id=370"},"modified":"2026-02-04T13:20:29","modified_gmt":"2026-02-04T13:20:29","slug":"contact","status":"publish","type":"page","link":"https:\/\/byresta.com\/index.php\/contact\/","title":{"rendered":"CONTACT"},"content":{"rendered":"\t\t<div data-elementor-type=\"wp-page\" data-elementor-id=\"370\" class=\"elementor elementor-370\">\n\t\t\t\t<div class=\"elementor-element elementor-element-b94833c e-flex e-con-boxed e-con e-parent\" data-id=\"b94833c\" data-element_type=\"container\" data-e-type=\"container\" data-settings=\"{&quot;background_background&quot;:&quot;classic&quot;}\">\n\t\t\t\t\t<div class=\"e-con-inner\">\n\t\t<div class=\"elementor-element elementor-element-fe93711 e-con-full e-flex e-con e-child\" data-id=\"fe93711\" data-element_type=\"container\" data-e-type=\"container\">\n\t\t\t\t<div class=\"elementor-element elementor-element-51d53be elementor-widget elementor-widget-text-editor\" data-id=\"51d53be\" data-element_type=\"widget\" data-e-type=\"widget\" data-widget_type=\"text-editor.default\">\n\t\t\t\t\t\t\t\t\t<h5><strong>Adresse :<\/strong> 1 Rue Fran\u00e7ois Neveu, 47550 Bo\u00e9<\/h5><h5><span aria-label=\"Appeler le 05 53 47 61 98\"><strong>Num\u00e9ro de t\u00e9l\u00e9phone :<\/strong> <span style=\"text-decoration: underline;\"><a href=\"tel:0553476198\" target=\"_blank\" rel=\"noopener\">05 53 47 61 98<\/a><\/span><\/span><\/h5><h5><strong>Mail :<\/strong> <span style=\"text-decoration: underline;\"><a href=\"mailto:contact@byresta.com\" target=\"_blank\" rel=\"noopener\">contact@byresta.com<\/a><\/span><\/h5>\t\t\t\t\t\t\t\t<\/div>\n\t\t\t\t<div class=\"elementor-element elementor-element-3c383f4 elementor-widget elementor-widget-spacer\" data-id=\"3c383f4\" data-element_type=\"widget\" data-e-type=\"widget\" data-widget_type=\"spacer.default\">\n\t\t\t\t\t\t\t<div class=\"elementor-spacer\">\n\t\t\t<div class=\"elementor-spacer-inner\"><\/div>\n\t\t<\/div>\n\t\t\t\t\t\t<\/div>\n\t\t\t\t<\/div>\n\t\t\t\t\t<\/div>\n\t\t\t\t<\/div>\n\t\t<div class=\"elementor-element elementor-element-dc20b7b e-flex e-con-boxed e-con e-parent\" data-id=\"dc20b7b\" data-element_type=\"container\" data-e-type=\"container\">\n\t\t\t\t\t<div class=\"e-con-inner\">\n\t\t<div class=\"elementor-element elementor-element-4a66bde e-con-full e-flex e-con e-child\" data-id=\"4a66bde\" data-element_type=\"container\" data-e-type=\"container\">\n\t\t\t\t<div class=\"elementor-element elementor-element-a80b519 elementor-widget elementor-widget-google_maps\" data-id=\"a80b519\" data-element_type=\"widget\" data-e-type=\"widget\" data-widget_type=\"google_maps.default\">\n\t\t\t\t\t\t\t<div class=\"elementor-custom-embed\">\n\t\t\t<iframe loading=\"lazy\"\n\t\t\t\t\tsrc=\"https:\/\/maps.google.com\/maps?q=ATRIUM%20-%201%2C%20Rue%20Francois%20Neveux%2C%2047550%20Bo%C3%A9&#038;t=m&#038;z=10&#038;output=embed&#038;iwloc=near\"\n\t\t\t\t\ttitle=\"ATRIUM - 1, Rue Francois Neveux, 47550 Bo\u00e9\"\n\t\t\t\t\taria-label=\"ATRIUM - 1, Rue Francois Neveux, 47550 Bo\u00e9\"\n\t\t\t><\/iframe>\n\t\t<\/div>\n\t\t\t\t\t\t<\/div>\n\t\t\t\t<\/div>\n\t\t\t\t\t<\/div>\n\t\t\t\t<\/div>\n\t\t\t\t<\/div>\n\t\t","protected":false},"excerpt":{"rendered":"<p>Adresse : 1 Rue Fran\u00e7ois Neveu, 47550 Bo\u00e9 Num\u00e9ro de t\u00e9l\u00e9phone : 05 53 47 61 98 Mail : contact@byresta.com<\/p>\n","protected":false},"author":1,"featured_media":0,"parent":0,"menu_order":0,"comment_status":"closed","ping_status":"closed","template":"","meta":{"footnotes":""},"class_list":["post-370","page","type-page","status-publish","hentry"],"yoast_head":"<!-- This site is optimized with the Yoast SEO plugin v27.0 - https:\/\/yoast.com\/product\/yoast-seo-wordpress\/ -->\n<title>CONTACT - BYRESTA<\/title>\n<meta name=\"description\" content=\"Byresta \u2013 bar et restaurant \u00e0 Bo\u00e9 : contactez-nous pour r\u00e9server, organiser un \u00e9v\u00e9nement ou poser vos questions. On se r\u00e9jouit de vous accueillir !\" \/>\n<meta name=\"robots\" content=\"index, follow, max-snippet:-1, max-image-preview:large, max-video-preview:-1\" \/>\n<link rel=\"canonical\" href=\"https:\/\/byresta.com\/index.php\/contact\/\" \/>\n<meta property=\"og:locale\" content=\"fr_FR\" \/>\n<meta property=\"og:type\" content=\"article\" \/>\n<meta property=\"og:title\" content=\"CONTACT - BYRESTA\" \/>\n<meta property=\"og:description\" content=\"Byresta \u2013 bar et restaurant \u00e0 Bo\u00e9 : contactez-nous pour r\u00e9server, organiser un \u00e9v\u00e9nement ou poser vos questions. On se r\u00e9jouit de vous accueillir !\" \/>\n<meta property=\"og:url\" content=\"https:\/\/byresta.com\/index.php\/contact\/\" \/>\n<meta property=\"og:site_name\" content=\"BYRESTA\" \/>\n<meta property=\"article:publisher\" content=\"https:\/\/www.facebook.com\/byresta\" \/>\n<meta property=\"article:modified_time\" content=\"2026-02-04T13:20:29+00:00\" \/>\n<meta name=\"twitter:card\" content=\"summary_large_image\" \/>\n<meta name=\"twitter:label1\" content=\"Dur\u00e9e de lecture estim\u00e9e\" \/>\n\t<meta name=\"twitter:data1\" content=\"1 minute\" \/>\n<script type=\"application\/ld+json\" class=\"yoast-schema-graph\">{\"@context\":\"https:\/\/schema.org\",\"@graph\":[{\"@type\":\"WebPage\",\"@id\":\"https:\/\/byresta.com\/index.php\/contact\/\",\"url\":\"https:\/\/byresta.com\/index.php\/contact\/\",\"name\":\"CONTACT - BYRESTA\",\"isPartOf\":{\"@id\":\"https:\/\/byresta.com\/#website\"},\"datePublished\":\"2025-10-31T15:40:45+00:00\",\"dateModified\":\"2026-02-04T13:20:29+00:00\",\"description\":\"Byresta \u2013 bar et restaurant \u00e0 Bo\u00e9 : contactez-nous pour r\u00e9server, organiser un \u00e9v\u00e9nement ou poser vos questions. On se r\u00e9jouit de vous accueillir !\",\"breadcrumb\":{\"@id\":\"https:\/\/byresta.com\/index.php\/contact\/#breadcrumb\"},\"inLanguage\":\"fr-FR\",\"potentialAction\":[{\"@type\":\"ReadAction\",\"target\":[\"https:\/\/byresta.com\/index.php\/contact\/\"]}]},{\"@type\":\"BreadcrumbList\",\"@id\":\"https:\/\/byresta.com\/index.php\/contact\/#breadcrumb\",\"itemListElement\":[{\"@type\":\"ListItem\",\"position\":1,\"name\":\"Accueil\",\"item\":\"https:\/\/byresta.com\/\"},{\"@type\":\"ListItem\",\"position\":2,\"name\":\"CONTACT\"}]},{\"@type\":\"WebSite\",\"@id\":\"https:\/\/byresta.com\/#website\",\"url\":\"https:\/\/byresta.com\/\",\"name\":\"BYRESTA\",\"description\":\"\",\"publisher\":{\"@id\":\"https:\/\/byresta.com\/#organization\"},\"potentialAction\":[{\"@type\":\"SearchAction\",\"target\":{\"@type\":\"EntryPoint\",\"urlTemplate\":\"https:\/\/byresta.com\/?s={search_term_string}\"},\"query-input\":{\"@type\":\"PropertyValueSpecification\",\"valueRequired\":true,\"valueName\":\"search_term_string\"}}],\"inLanguage\":\"fr-FR\"},{\"@type\":\"Organization\",\"@id\":\"https:\/\/byresta.com\/#organization\",\"name\":\"BYRESTA\",\"url\":\"https:\/\/byresta.com\/\",\"logo\":{\"@type\":\"ImageObject\",\"inLanguage\":\"fr-FR\",\"@id\":\"https:\/\/byresta.com\/#\/schema\/logo\/image\/\",\"url\":\"https:\/\/byresta.com\/wp-content\/uploads\/2025\/10\/LOGO_BYRESTA_rouge-removebg-preview.png\",\"contentUrl\":\"https:\/\/byresta.com\/wp-content\/uploads\/2025\/10\/LOGO_BYRESTA_rouge-removebg-preview.png\",\"width\":563,\"height\":443,\"caption\":\"BYRESTA\"},\"image\":{\"@id\":\"https:\/\/byresta.com\/#\/schema\/logo\/image\/\"},\"sameAs\":[\"https:\/\/www.facebook.com\/byresta\"]}]}<\/script>\n<!-- \/ Yoast SEO plugin. -->","yoast_head_json":{"title":"CONTACT - BYRESTA","description":"Byresta \u2013 bar et restaurant \u00e0 Bo\u00e9 : contactez-nous pour r\u00e9server, organiser un \u00e9v\u00e9nement ou poser vos questions. On se r\u00e9jouit de vous accueillir !","robots":{"index":"index","follow":"follow","max-snippet":"max-snippet:-1","max-image-preview":"max-image-preview:large","max-video-preview":"max-video-preview:-1"},"canonical":"https:\/\/byresta.com\/index.php\/contact\/","og_locale":"fr_FR","og_type":"article","og_title":"CONTACT - BYRESTA","og_description":"Byresta \u2013 bar et restaurant \u00e0 Bo\u00e9 : contactez-nous pour r\u00e9server, organiser un \u00e9v\u00e9nement ou poser vos questions. On se r\u00e9jouit de vous accueillir !","og_url":"https:\/\/byresta.com\/index.php\/contact\/","og_site_name":"BYRESTA","article_publisher":"https:\/\/www.facebook.com\/byresta","article_modified_time":"2026-02-04T13:20:29+00:00","twitter_card":"summary_large_image","twitter_misc":{"Dur\u00e9e de lecture estim\u00e9e":"1 minute"},"schema":{"@context":"https:\/\/schema.org","@graph":[{"@type":"WebPage","@id":"https:\/\/byresta.com\/index.php\/contact\/","url":"https:\/\/byresta.com\/index.php\/contact\/","name":"CONTACT - BYRESTA","isPartOf":{"@id":"https:\/\/byresta.com\/#website"},"datePublished":"2025-10-31T15:40:45+00:00","dateModified":"2026-02-04T13:20:29+00:00","description":"Byresta \u2013 bar et restaurant \u00e0 Bo\u00e9 : contactez-nous pour r\u00e9server, organiser un \u00e9v\u00e9nement ou poser vos questions. On se r\u00e9jouit de vous accueillir !","breadcrumb":{"@id":"https:\/\/byresta.com\/index.php\/contact\/#breadcrumb"},"inLanguage":"fr-FR","potentialAction":[{"@type":"ReadAction","target":["https:\/\/byresta.com\/index.php\/contact\/"]}]},{"@type":"BreadcrumbList","@id":"https:\/\/byresta.com\/index.php\/contact\/#breadcrumb","itemListElement":[{"@type":"ListItem","position":1,"name":"Accueil","item":"https:\/\/byresta.com\/"},{"@type":"ListItem","position":2,"name":"CONTACT"}]},{"@type":"WebSite","@id":"https:\/\/byresta.com\/#website","url":"https:\/\/byresta.com\/","name":"BYRESTA","description":"","publisher":{"@id":"https:\/\/byresta.com\/#organization"},"potentialAction":[{"@type":"SearchAction","target":{"@type":"EntryPoint","urlTemplate":"https:\/\/byresta.com\/?s={search_term_string}"},"query-input":{"@type":"PropertyValueSpecification","valueRequired":true,"valueName":"search_term_string"}}],"inLanguage":"fr-FR"},{"@type":"Organization","@id":"https:\/\/byresta.com\/#organization","name":"BYRESTA","url":"https:\/\/byresta.com\/","logo":{"@type":"ImageObject","inLanguage":"fr-FR","@id":"https:\/\/byresta.com\/#\/schema\/logo\/image\/","url":"https:\/\/byresta.com\/wp-content\/uploads\/2025\/10\/LOGO_BYRESTA_rouge-removebg-preview.png","contentUrl":"https:\/\/byresta.com\/wp-content\/uploads\/2025\/10\/LOGO_BYRESTA_rouge-removebg-preview.png","width":563,"height":443,"caption":"BYRESTA"},"image":{"@id":"https:\/\/byresta.com\/#\/schema\/logo\/image\/"},"sameAs":["https:\/\/www.facebook.com\/byresta"]}]}},"_links":{"self":[{"href":"https:\/\/byresta.com\/index.php\/wp-json\/wp\/v2\/pages\/370","targetHints":{"allow":["GET"]}}],"collection":[{"href":"https:\/\/byresta.com\/index.php\/wp-json\/wp\/v2\/pages"}],"about":[{"href":"https:\/\/byresta.com\/index.php\/wp-json\/wp\/v2\/types\/page"}],"author":[{"embeddable":true,"href":"https:\/\/byresta.com\/index.php\/wp-json\/wp\/v2\/users\/1"}],"replies":[{"embeddable":true,"href":"https:\/\/byresta.com\/index.php\/wp-json\/wp\/v2\/comments?post=370"}],"version-history":[{"count":28,"href":"https:\/\/byresta.com\/index.php\/wp-json\/wp\/v2\/pages\/370\/revisions"}],"predecessor-version":[{"id":1477,"href":"https:\/\/byresta.com\/index.php\/wp-json\/wp\/v2\/pages\/370\/revisions\/1477"}],"wp:attachment":[{"href":"https:\/\/byresta.com\/index.php\/wp-json\/wp\/v2\/media?parent=370"}],"curies":[{"name":"wp","href":"https:\/\/api.w.org\/{rel}","templated":true}]}}